{"id":185,"date":"2020-09-14T14:05:24","date_gmt":"2020-09-14T17:05:24","guid":{"rendered":"http:\/\/goclub.com.ar\/?page_id=185"},"modified":"2023-01-20T11:40:00","modified_gmt":"2023-01-20T14:40:00","slug":"funcionalidad","status":"publish","type":"page","link":"https:\/\/goclub.com.ar\/?page_id=185","title":{"rendered":"Funcionalidad"},"content":{"rendered":"<p>[vc_row full_width=&#8221;stretch_row_content_no_spaces&#8221; css=&#8221;.vc_custom_1602599807166{margin-top: 100px !important;padding-top: 150px !important;padding-bottom: 150px !important;background: #17479b url(http:\/\/goclub.com.ar\/wp-content\/uploads\/2020\/10\/fondo-2.png?id=516) !important;}&#8221;][vc_column]<header class=\"kd-section-title col-lg-12 text-center solid-line sep-border-width-2    \" ><h1 class=\"separator_on\" style=\"color: #ffffff;\">Funciones<\/h1><div class=\"kd-separator below_title\" ><div class=\"kd-separator-line\" style=\"border-color:#ffffff\"><\/div><\/div><h6 class=\"subtitle \" style=\"color: #ffffff;\">Descubra de manera din\u00e1mica las funcionalidades disponibles con el software de GoClub<\/h6><\/header>[\/vc_column][\/vc_row][vc_row][vc_column]<div class=\"feature-sections-wrapper kd-fsp-69e763a6d5497 \">\r\n            <section class=\"feature-sections-tabs  with-fixed-menu\">\r\n              <nav class=\"kd-feature-tabs\">\r\n                <ul class=\"nav nav-tabs sticky-tabs container\">\r\n                <\/ul>\r\n              <\/nav>\r\n            <\/section>\r\n            <section id=\"general\" class=\"featured-left \"><li class=\"nav-label\"><a class=\"feature-tabs-scroll\" href=\"#general\"><span class=\"nav-custom-icon\" style=\"width: 25px;\"><img width=\"300\" height=\"300\" src=\"https:\/\/goclub.com.ar\/wp-content\/uploads\/2020\/10\/configuracion_general.png\" class=\"attachment-full\" alt=\"\" loading=\"lazy\" srcset=\"https:\/\/goclub.com.ar\/wp-content\/uploads\/2020\/10\/configuracion_general.png 300w, https:\/\/goclub.com.ar\/wp-content\/uploads\/2020\/10\/configuracion_general-150x150.png 150w\" sizes=\"(max-width: 300px) 100vw, 300px\" \/><\/span>Configuraci\u00f3n general<\/a><\/li><div class=\"container\">\r\n                <div class=\"side-content-wrapper kd-animated fadeInRight\" data-animation-delay=\"200\"><div class=\"custom-icon\" style=\"width: 50px;\"><img width=\"300\" height=\"300\" src=\"https:\/\/goclub.com.ar\/wp-content\/uploads\/2020\/10\/configuracion_general.png\" class=\"attachment-full\" alt=\"\" loading=\"lazy\" srcset=\"https:\/\/goclub.com.ar\/wp-content\/uploads\/2020\/10\/configuracion_general.png 300w, https:\/\/goclub.com.ar\/wp-content\/uploads\/2020\/10\/configuracion_general-150x150.png 150w\" sizes=\"(max-width: 300px) 100vw, 300px\" \/><\/div><h2 class=\"side-content-title\" >Configuraci\u00f3n general<\/h2><h6 class=\"side-content-subtitle\" >El sistema permite personalizar ajustes elementales bas\u00e1ndose en las necesidades de su club.<\/h6><div class=\"side-content-text\" ><\/p>\n<ul>\n<li>Pantalla de acceso r\u00e1pido<\/li>\n<li>Listado de categor\u00edas sociales<\/li>\n<li>Edici\u00f3n de categor\u00edas<\/li>\n<\/ul>\n<p>\n<\/div><div class=\"side-content-link sc-primary-btn\"><a href=\"https:\/\/goclub.com.ar\/?page_id=250\" target=\"_self\" title=\"Configuraci\u00f3n general\" class=\"tt_button tt_primary_button btn_primary_color button-action-link\">Configuraci\u00f3n general<\/a><\/div><\/div><div class=\"side-featured-wrapper fss-rectangle kd-animated fadeInLeft\" data-animation-delay=\"200\">\r\n      <div class=\"featured-image\"><img width=\"500\" height=\"338\" src=\"https:\/\/goclub.com.ar\/wp-content\/uploads\/2020\/09\/1.png\" class=\"attachment-full\" alt=\"\" loading=\"lazy\" srcset=\"https:\/\/goclub.com.ar\/wp-content\/uploads\/2020\/09\/1.png 500w, https:\/\/goclub.com.ar\/wp-content\/uploads\/2020\/09\/1-300x203.png 300w\" sizes=\"(max-width: 500px) 100vw, 500px\" \/><\/div>\r\n    <\/div><\/div>\r\n            <\/section><section id=\"socios\" class=\"featured-right \"><li class=\"nav-label\"><a class=\"feature-tabs-scroll\" href=\"#socios\"><span class=\"nav-custom-icon\" style=\"width: 25px;\"><img width=\"300\" height=\"300\" src=\"https:\/\/goclub.com.ar\/wp-content\/uploads\/2021\/01\/zozioz-azul.png\" class=\"attachment-full\" alt=\"\" loading=\"lazy\" srcset=\"https:\/\/goclub.com.ar\/wp-content\/uploads\/2021\/01\/zozioz-azul.png 300w, https:\/\/goclub.com.ar\/wp-content\/uploads\/2021\/01\/zozioz-azul-150x150.png 150w\" sizes=\"(max-width: 300px) 100vw, 300px\" \/><\/span>Socios<\/a><\/li><div class=\"container\">\r\n                <div class=\"side-content-wrapper kd-animated fadeInLeft\" data-animation-delay=\"200\"><div class=\"custom-icon\" style=\"width: 50px;\"><img width=\"300\" height=\"300\" src=\"https:\/\/goclub.com.ar\/wp-content\/uploads\/2021\/01\/zozioz-azul.png\" class=\"attachment-full\" alt=\"\" loading=\"lazy\" srcset=\"https:\/\/goclub.com.ar\/wp-content\/uploads\/2021\/01\/zozioz-azul.png 300w, https:\/\/goclub.com.ar\/wp-content\/uploads\/2021\/01\/zozioz-azul-150x150.png 150w\" sizes=\"(max-width: 300px) 100vw, 300px\" \/><\/div><h2 class=\"side-content-title\" >Gesti\u00f3n de Socios y Grupos Familiares<\/h2><h6 class=\"side-content-subtitle\" >Administre los socios y grupos familiares seg\u00fan su criterio y necesidades.<\/h6><div class=\"side-content-text\" ><\/p>\n<ul>\n<li>Listado de grupos familiares<\/li>\n<li>Editor de grupo familiar<\/li>\n<li>Listado y b\u00fasqueda de socios<\/li>\n<li>Editor de datos personales de socios<\/li>\n<li>Situaci\u00f3n societaria, cupones de pago e impuestos<\/li>\n<li>Env\u00edo masivo de E-mail<\/li>\n<\/ul>\n<p>\n<\/div><div class=\"side-content-link sc-primary-btn\"><a href=\"https:\/\/goclub.com.ar\/?page_id=271\" target=\"_self\" title=\"Gesti\u00f3n de socios y grupos familiares\" class=\"tt_button tt_primary_button btn_primary_color button-action-link\">Gesti\u00f3n de socios y grupos familiares<\/a><\/div><\/div><div class=\"side-featured-wrapper fss-rectangle kd-animated fadeInRight\" data-animation-delay=\"200\">\r\n      <div class=\"featured-image\"><img width=\"600\" height=\"397\" src=\"https:\/\/goclub.com.ar\/wp-content\/uploads\/2020\/09\/4.png\" class=\"attachment-full\" alt=\"\" loading=\"lazy\" srcset=\"https:\/\/goclub.com.ar\/wp-content\/uploads\/2020\/09\/4.png 600w, https:\/\/goclub.com.ar\/wp-content\/uploads\/2020\/09\/4-300x199.png 300w\" sizes=\"(max-width: 600px) 100vw, 600px\" \/><\/div>\r\n    <\/div><\/div>\r\n            <\/section><section id=\"cobranzas\" class=\"featured-left \"><li class=\"nav-label\"><a class=\"feature-tabs-scroll\" href=\"#cobranzas\"><span class=\"nav-custom-icon\" style=\"width: 25px;\"><img width=\"300\" height=\"300\" src=\"https:\/\/goclub.com.ar\/wp-content\/uploads\/2020\/10\/cobranzas-1.png\" class=\"attachment-full\" alt=\"\" loading=\"lazy\" srcset=\"https:\/\/goclub.com.ar\/wp-content\/uploads\/2020\/10\/cobranzas-1.png 300w, https:\/\/goclub.com.ar\/wp-content\/uploads\/2020\/10\/cobranzas-1-150x150.png 150w\" sizes=\"(max-width: 300px) 100vw, 300px\" \/><\/span>Cobranzas<\/a><\/li><div class=\"container\">\r\n                <div class=\"side-content-wrapper kd-animated fadeInLeft\" data-animation-delay=\"200\"><div class=\"custom-icon\" style=\"width: 50px;\"><img width=\"300\" height=\"300\" src=\"https:\/\/goclub.com.ar\/wp-content\/uploads\/2020\/10\/cobranzas-1.png\" class=\"attachment-full\" alt=\"\" loading=\"lazy\" srcset=\"https:\/\/goclub.com.ar\/wp-content\/uploads\/2020\/10\/cobranzas-1.png 300w, https:\/\/goclub.com.ar\/wp-content\/uploads\/2020\/10\/cobranzas-1-150x150.png 150w\" sizes=\"(max-width: 300px) 100vw, 300px\" \/><\/div><h2 class=\"side-content-title\" >Cobranzas<\/h2><h6 class=\"side-content-subtitle\" >Gestiones sus cobros con el sistema de c\u00f3digo de barras, establezca puntos de cobranza y cupones.<\/h6><div class=\"side-content-text\" ><\/p>\n<ul>\n<li>Listado de cobradores<\/li>\n<li>Listado de puntos de cobranza<\/li>\n<li>Impresi\u00f3n de cupones para entregar<\/li>\n<li>Registro autom\u00e1tico de cupones de cobrador<\/li>\n<\/ul>\n<p>\n<\/div><div class=\"side-content-link sc-primary-btn\"><a href=\"https:\/\/goclub.com.ar\/?page_id=300\" target=\"_self\" title=\"Cobranzas\" class=\"tt_button tt_primary_button btn_primary_color button-action-link\">Cobranzas<\/a><\/div><\/div><div class=\"side-featured-wrapper fss-rectangle kd-animated fadeInRight\" data-animation-delay=\"200\">\r\n      <div class=\"featured-image\"><img width=\"600\" height=\"397\" src=\"https:\/\/goclub.com.ar\/wp-content\/uploads\/2020\/09\/10.png\" class=\"attachment-full\" alt=\"\" loading=\"lazy\" srcset=\"https:\/\/goclub.com.ar\/wp-content\/uploads\/2020\/09\/10.png 600w, https:\/\/goclub.com.ar\/wp-content\/uploads\/2020\/09\/10-300x199.png 300w\" sizes=\"(max-width: 600px) 100vw, 600px\" \/><\/div>\r\n    <\/div><\/div>\r\n            <\/section><section id=\"actividades\" class=\"featured-right \"><li class=\"nav-label\"><a class=\"feature-tabs-scroll\" href=\"#actividades\"><span class=\"nav-custom-icon\" style=\"width: 25px;\"><img width=\"300\" height=\"300\" src=\"https:\/\/goclub.com.ar\/wp-content\/uploads\/2020\/10\/actividades.png\" class=\"attachment-full\" alt=\"\" loading=\"lazy\" srcset=\"https:\/\/goclub.com.ar\/wp-content\/uploads\/2020\/10\/actividades.png 300w, https:\/\/goclub.com.ar\/wp-content\/uploads\/2020\/10\/actividades-150x150.png 150w\" sizes=\"(max-width: 300px) 100vw, 300px\" \/><\/span>Actividades<\/a><\/li><div class=\"container\">\r\n                <div class=\"side-content-wrapper kd-animated fadeInLeft\" data-animation-delay=\"200\"><div class=\"custom-icon\" style=\"width: 50px;\"><img width=\"300\" height=\"300\" src=\"https:\/\/goclub.com.ar\/wp-content\/uploads\/2020\/10\/actividades.png\" class=\"attachment-full\" alt=\"\" loading=\"lazy\" srcset=\"https:\/\/goclub.com.ar\/wp-content\/uploads\/2020\/10\/actividades.png 300w, https:\/\/goclub.com.ar\/wp-content\/uploads\/2020\/10\/actividades-150x150.png 150w\" sizes=\"(max-width: 300px) 100vw, 300px\" \/><\/div><h2 class=\"side-content-title\" >Gesti\u00f3n de actividades<\/h2><h6 class=\"side-content-subtitle\" >ABM de actividades de la instituci\u00f3n, vinculaci\u00f3n de socios por actividad y edici\u00f3n de las mismas.<\/h6><div class=\"side-content-text\" ><\/p>\n<ul>\n<li>Listado de actividades<\/li>\n<li>Editar datos de actividad<\/li>\n<li>Listado de socios por actividades<\/li>\n<\/ul>\n<p>\n<\/div><div class=\"side-content-link sc-primary-btn\"><a href=\"https:\/\/goclub.com.ar\/?page_id=308\" target=\"_self\" title=\"Actividades\" class=\"tt_button tt_primary_button btn_primary_color button-action-link\">Actividades<\/a><\/div><\/div><div class=\"side-featured-wrapper fss-rectangle kd-animated fadeInRight\" data-animation-delay=\"200\">\r\n      <div class=\"featured-image\"><img width=\"600\" height=\"397\" src=\"https:\/\/goclub.com.ar\/wp-content\/uploads\/2020\/09\/14.png\" class=\"attachment-full\" alt=\"\" loading=\"lazy\" srcset=\"https:\/\/goclub.com.ar\/wp-content\/uploads\/2020\/09\/14.png 600w, https:\/\/goclub.com.ar\/wp-content\/uploads\/2020\/09\/14-300x199.png 300w\" sizes=\"(max-width: 600px) 100vw, 600px\" \/><\/div>\r\n    <\/div><\/div>\r\n            <\/section><section id=\"actas\" class=\"featured-left \"><li class=\"nav-label\"><a class=\"feature-tabs-scroll\" href=\"#actas\"><span class=\"nav-custom-icon\" style=\"width: 25px;\"><img width=\"300\" height=\"300\" src=\"https:\/\/goclub.com.ar\/wp-content\/uploads\/2020\/10\/actas-1.png\" class=\"attachment-full\" alt=\"\" loading=\"lazy\" srcset=\"https:\/\/goclub.com.ar\/wp-content\/uploads\/2020\/10\/actas-1.png 300w, https:\/\/goclub.com.ar\/wp-content\/uploads\/2020\/10\/actas-1-150x150.png 150w\" sizes=\"(max-width: 300px) 100vw, 300px\" \/><\/span>Actas y temas<\/a><\/li><div class=\"container\">\r\n                <div class=\"side-content-wrapper kd-animated fadeInLeft\" data-animation-delay=\"200\"><div class=\"custom-icon\" style=\"width: 50px;\"><img width=\"300\" height=\"300\" src=\"https:\/\/goclub.com.ar\/wp-content\/uploads\/2020\/10\/actas-1.png\" class=\"attachment-full\" alt=\"\" loading=\"lazy\" srcset=\"https:\/\/goclub.com.ar\/wp-content\/uploads\/2020\/10\/actas-1.png 300w, https:\/\/goclub.com.ar\/wp-content\/uploads\/2020\/10\/actas-1-150x150.png 150w\" sizes=\"(max-width: 300px) 100vw, 300px\" \/><\/div><h2 class=\"side-content-title\" >Actas y seguimientos de temas<\/h2><h6 class=\"side-content-subtitle\" >Gestione la comisi\u00f3n directiva y sus actividades<\/h6><div class=\"side-content-text\" ><\/p>\n<ul>\n<li>Confecci\u00f3n de actas de comisi\u00f3n<\/li>\n<li>Crear orden del d\u00eda<\/li>\n<\/ul>\n<p>\n<\/div><div class=\"side-content-link sc-primary-btn\"><a href=\"https:\/\/goclub.com.ar\/?page_id=313\" target=\"_self\" title=\"Actas y seguimientos de temas\" class=\"tt_button tt_primary_button btn_primary_color button-action-link\">Actas y seguimientos de temas<\/a><\/div><\/div><div class=\"side-featured-wrapper fss-rectangle kd-animated fadeInRight\" data-animation-delay=\"200\">\r\n      <div class=\"featured-image\"><img width=\"600\" height=\"397\" src=\"https:\/\/goclub.com.ar\/wp-content\/uploads\/2020\/09\/24.png\" class=\"attachment-full\" alt=\"\" loading=\"lazy\" srcset=\"https:\/\/goclub.com.ar\/wp-content\/uploads\/2020\/09\/24.png 600w, https:\/\/goclub.com.ar\/wp-content\/uploads\/2020\/09\/24-300x199.png 300w\" sizes=\"(max-width: 600px) 100vw, 600px\" \/><\/div>\r\n    <\/div><\/div>\r\n            <\/section><section id=\"sponsors\" class=\"featured-right \"><li class=\"nav-label\"><a class=\"feature-tabs-scroll\" href=\"#sponsors\"><span class=\"nav-custom-icon\" style=\"width: 25px;\"><img width=\"300\" height=\"300\" src=\"https:\/\/goclub.com.ar\/wp-content\/uploads\/2020\/10\/sponsors.png\" class=\"attachment-full\" alt=\"\" loading=\"lazy\" srcset=\"https:\/\/goclub.com.ar\/wp-content\/uploads\/2020\/10\/sponsors.png 300w, https:\/\/goclub.com.ar\/wp-content\/uploads\/2020\/10\/sponsors-150x150.png 150w\" sizes=\"(max-width: 300px) 100vw, 300px\" \/><\/span>Sponsors<\/a><\/li><div class=\"container\">\r\n                <div class=\"side-content-wrapper kd-animated fadeInLeft\" data-animation-delay=\"200\"><div class=\"custom-icon\" style=\"width: 50px;\"><img width=\"300\" height=\"300\" src=\"https:\/\/goclub.com.ar\/wp-content\/uploads\/2020\/10\/sponsors.png\" class=\"attachment-full\" alt=\"\" loading=\"lazy\" srcset=\"https:\/\/goclub.com.ar\/wp-content\/uploads\/2020\/10\/sponsors.png 300w, https:\/\/goclub.com.ar\/wp-content\/uploads\/2020\/10\/sponsors-150x150.png 150w\" sizes=\"(max-width: 300px) 100vw, 300px\" \/><\/div><h2 class=\"side-content-title\" >Gesti\u00f3n de sponsors<\/h2><h6 class=\"side-content-subtitle\" >Administre sus acuerdos publicitarios, pautas y gesti\u00f3n ABM de patrocinadores.<\/h6><div class=\"side-content-text\" ><\/p>\n<ul>\n<li>Acuerdos publicitarios<\/li>\n<li>Listado de sponsors<\/li>\n<\/ul>\n<p>\n<\/div><div class=\"side-content-link sc-primary-btn\"><a href=\"https:\/\/goclub.com.ar\/?page_id=317\" target=\"_self\" title=\"Sponsors\" class=\"tt_button tt_primary_button btn_primary_color button-action-link\">Sponsors<\/a><\/div><\/div><div class=\"side-featured-wrapper fss-rectangle kd-animated fadeInRight\" data-animation-delay=\"200\">\r\n      <div class=\"featured-image\"><img width=\"600\" height=\"397\" src=\"https:\/\/goclub.com.ar\/wp-content\/uploads\/2020\/09\/22.png\" class=\"attachment-full\" alt=\"\" loading=\"lazy\" srcset=\"https:\/\/goclub.com.ar\/wp-content\/uploads\/2020\/09\/22.png 600w, https:\/\/goclub.com.ar\/wp-content\/uploads\/2020\/09\/22-300x199.png 300w\" sizes=\"(max-width: 600px) 100vw, 600px\" \/><\/div>\r\n    <\/div><\/div>\r\n            <\/section><section id=\"reportes\" class=\"featured-left \"><li class=\"nav-label\"><a class=\"feature-tabs-scroll\" href=\"#reportes\"><span class=\"nav-custom-icon\" style=\"width: 25px;\"><img width=\"300\" height=\"300\" src=\"https:\/\/goclub.com.ar\/wp-content\/uploads\/2020\/10\/reportes.png\" class=\"attachment-full\" alt=\"\" loading=\"lazy\" srcset=\"https:\/\/goclub.com.ar\/wp-content\/uploads\/2020\/10\/reportes.png 300w, https:\/\/goclub.com.ar\/wp-content\/uploads\/2020\/10\/reportes-150x150.png 150w\" sizes=\"(max-width: 300px) 100vw, 300px\" \/><\/span>Reportes<\/a><\/li><div class=\"container\">\r\n                <div class=\"side-content-wrapper kd-animated fadeInLeft\" data-animation-delay=\"200\"><div class=\"custom-icon\" style=\"width: 50px;\"><img width=\"300\" height=\"300\" src=\"https:\/\/goclub.com.ar\/wp-content\/uploads\/2020\/10\/reportes.png\" class=\"attachment-full\" alt=\"\" loading=\"lazy\" srcset=\"https:\/\/goclub.com.ar\/wp-content\/uploads\/2020\/10\/reportes.png 300w, https:\/\/goclub.com.ar\/wp-content\/uploads\/2020\/10\/reportes-150x150.png 150w\" sizes=\"(max-width: 300px) 100vw, 300px\" \/><\/div><h2 class=\"side-content-title\" >Reportes<\/h2><h6 class=\"side-content-subtitle\" >Obtenga listados de todas las \u00e1reas de su club.<\/h6><div class=\"side-content-text\" ><\/p>\n<ul>\n<li>Altas y bajas societaria<\/li>\n<li>Reportes de deudores<\/li>\n<li>Reporte de ingresos por tipo societario y por actividad<\/li>\n<li>Reporte de rendici\u00f3n de cobranzas por per\u00edodo determinado<\/li>\n<\/ul>\n<p>\n<\/div><div class=\"side-content-link sc-primary-btn\"><a href=\"https:\/\/goclub.com.ar\/?page_id=325\" target=\"_self\" title=\"Reportes\" class=\"tt_button tt_primary_button btn_primary_color button-action-link\">Reportes<\/a><\/div><\/div><div class=\"side-featured-wrapper fss-rectangle kd-animated fadeInRight\" data-animation-delay=\"200\">\r\n      <div class=\"featured-image\"><img width=\"600\" height=\"397\" src=\"https:\/\/goclub.com.ar\/wp-content\/uploads\/2020\/09\/17.png\" class=\"attachment-full\" alt=\"\" loading=\"lazy\" srcset=\"https:\/\/goclub.com.ar\/wp-content\/uploads\/2020\/09\/17.png 600w, https:\/\/goclub.com.ar\/wp-content\/uploads\/2020\/09\/17-300x199.png 300w\" sizes=\"(max-width: 600px) 100vw, 600px\" \/><\/div>\r\n    <\/div><\/div>\r\n            <\/section>\r\n            <\/div><style type=\"text\/css\"><\/style>[\/vc_column][\/vc_row]<\/p>\n","protected":false},"excerpt":{"rendered":"<p>[vc_row full_width=&#8221;stretch_row_content_no_spaces&#8221; css=&#8221;.vc_custom_1602599807166{margin-top: 100px !important;padding-top: 150px !important;padding-bottom: 150px !important;background: #17479b url(http:\/\/goclub.com.ar\/wp-content\/uploads\/2020\/10\/fondo-2.png?id=516) !important;}&#8221;][vc_column][\/vc_column][\/vc_row][vc_row][vc_column][\/vc_column][\/vc_row]<\/p>\n","protected":false},"author":1,"featured_media":0,"parent":0,"menu_order":0,"comment_status":"closed","ping_status":"closed","template":"","meta":[],"_links":{"self":[{"href":"https:\/\/goclub.com.ar\/index.php?rest_route=\/wp\/v2\/pages\/185"}],"collection":[{"href":"https:\/\/goclub.com.ar\/index.php?rest_route=\/wp\/v2\/pages"}],"about":[{"href":"https:\/\/goclub.com.ar\/index.php?rest_route=\/wp\/v2\/types\/page"}],"author":[{"embeddable":true,"href":"https:\/\/goclub.com.ar\/index.php?rest_route=\/wp\/v2\/users\/1"}],"replies":[{"embeddable":true,"href":"https:\/\/goclub.com.ar\/index.php?rest_route=%2Fwp%2Fv2%2Fcomments&post=185"}],"version-history":[{"count":43,"href":"https:\/\/goclub.com.ar\/index.php?rest_route=\/wp\/v2\/pages\/185\/revisions"}],"predecessor-version":[{"id":692,"href":"https:\/\/goclub.com.ar\/index.php?rest_route=\/wp\/v2\/pages\/185\/revisions\/692"}],"wp:attachment":[{"href":"https:\/\/goclub.com.ar\/index.php?rest_route=%2Fwp%2Fv2%2Fmedia&parent=185"}],"curies":[{"name":"wp","href":"https:\/\/api.w.org\/{rel}","templated":true}]}}