{"id":271,"date":"2020-09-17T14:48:54","date_gmt":"2020-09-17T17:48:54","guid":{"rendered":"http:\/\/goclub.com.ar\/?page_id=271"},"modified":"2023-01-20T11:42:54","modified_gmt":"2023-01-20T14:42:54","slug":"gestion-de-socios-y-grupos-familiares","status":"publish","type":"page","link":"https:\/\/goclub.com.ar\/?page_id=271","title":{"rendered":"Gesti\u00f3n de socios y grupos familiares"},"content":{"rendered":"<p>[vc_row full_width=&#8221;stretch_row_content_no_spaces&#8221; css=&#8221;.vc_custom_1602599907100{margin-top: 100px !important;padding-top: 150px !important;padding-bottom: 150px !important;background: #17479b url(http:\/\/goclub.com.ar\/wp-content\/uploads\/2020\/10\/fondo-2.png?id=516) !important;}&#8221;][vc_column][vc_single_image image=&#8221;670&#8243; alignment=&#8221;center&#8221;]<header class=\"kd-section-title col-lg-12 text-center solid-line sep-border-width-2    \" ><h1 class=\"separator_on\" style=\"color: #ffffff;\">Gesti\u00f3n de socios y grupos familiares<\/h1><div class=\"kd-separator below_title\" ><div class=\"kd-separator-line\" style=\"border-color:#ffffff\"><\/div><\/div><h6 class=\"subtitle \" style=\"color: #ffffff;\">Administre los socios y grupos familiares seg\u00fan su criterio y necesidades.<\/h6><\/header>[\/vc_column][\/vc_row][vc_row css=&#8221;.vc_custom_1600364253341{margin-top: 50px !important;margin-bottom: 50px !important;}&#8221;][vc_column]<div class=\"features-tabs kd-tabswrapper-4980769e06b185bab3 tabs-image-right tab-img-contained kd-animated fadeIn\" data-animation-delay=600>\r\n\t\t\t\t<div id=\"kd-extab-7203469e06b185becb\">\r\n\t\t\t\t<div class=\"tab-image-container\"><img width=\"600\" height=\"455\" src=\"https:\/\/goclub.com.ar\/wp-content\/uploads\/2020\/09\/4-3.png\" class=\"attachment-full\" alt=\"\" loading=\"lazy\" srcset=\"https:\/\/goclub.com.ar\/wp-content\/uploads\/2020\/09\/4-3.png 600w, https:\/\/goclub.com.ar\/wp-content\/uploads\/2020\/09\/4-3-300x228.png 300w\" sizes=\"(max-width: 600px) 100vw, 600px\" \/><\/div>\r\n\t\t\t\t<div class=\"tab-text-container\">\r\n\t\t\t\t\t<h2 class=\"tab-title\">Listado de grupos familiares<\/h2><p class=\"tab-content\">Muestra las distintas categor\u00edas de grupos familiares que existen en la instituci\u00f3n, permitiendo agregar, editar o borrar las mismas.<\/p><\/div>\r\n\t\t\t\t<\/div>\r\n\t\t\t\t<li class=\"tab-control-item\">\r\n\t\t\t\t\t<a href=\"#kd-extab-7203469e06b185becb\"> Listado de grupos familiares<\/a>\r\n\t\t\t\t<\/li><div id=\"kd-extab-4163669e06b185c1b7\">\r\n\t\t\t\t<div class=\"tab-image-container\"><img width=\"600\" height=\"455\" src=\"https:\/\/goclub.com.ar\/wp-content\/uploads\/2020\/09\/5-1.png\" class=\"attachment-full\" alt=\"\" loading=\"lazy\" srcset=\"https:\/\/goclub.com.ar\/wp-content\/uploads\/2020\/09\/5-1.png 600w, https:\/\/goclub.com.ar\/wp-content\/uploads\/2020\/09\/5-1-300x228.png 300w\" sizes=\"(max-width: 600px) 100vw, 600px\" \/><\/div>\r\n\t\t\t\t<div class=\"tab-text-container\">\r\n\t\t\t\t\t<h2 class=\"tab-title\">Editor grupo familiar<\/h2><p class=\"tab-content\">Pantalla para la edici\u00f3n de cada grupo familiar, en la cual se carga una descripci\u00f3n de la misma, las caracter\u00edsticas de los socios que la pueden integrar y el importe del grupo familiar.<\/p><\/div>\r\n\t\t\t\t<\/div>\r\n\t\t\t\t<li class=\"tab-control-item\">\r\n\t\t\t\t\t<a href=\"#kd-extab-4163669e06b185c1b7\"> Editor grupo familiar<\/a>\r\n\t\t\t\t<\/li><div id=\"kd-extab-1381469e06b185c481\">\r\n\t\t\t\t<div class=\"tab-image-container\"><img width=\"600\" height=\"455\" src=\"https:\/\/goclub.com.ar\/wp-content\/uploads\/2020\/09\/6-1.png\" class=\"attachment-full\" alt=\"\" loading=\"lazy\" srcset=\"https:\/\/goclub.com.ar\/wp-content\/uploads\/2020\/09\/6-1.png 600w, https:\/\/goclub.com.ar\/wp-content\/uploads\/2020\/09\/6-1-300x228.png 300w\" sizes=\"(max-width: 600px) 100vw, 600px\" \/><\/div>\r\n\t\t\t\t<div class=\"tab-text-container\">\r\n\t\t\t\t\t<h2 class=\"tab-title\">Listado y b\u00fasqueda de socios<\/h2><p class=\"tab-content\">Muestra el listado de asociados, con su informaci\u00f3n personal, permitiendo ABM. Esta secci\u00f3n cuenta con un motor de b\u00fasqueda que permite filtrar asociados por varios criterios.<\/p><\/div>\r\n\t\t\t\t<\/div>\r\n\t\t\t\t<li class=\"tab-control-item\">\r\n\t\t\t\t\t<a href=\"#kd-extab-1381469e06b185c481\"> Listado y b\u00fasqueda de socios<\/a>\r\n\t\t\t\t<\/li><div id=\"kd-extab-9887369e06b185c6ee\">\r\n\t\t\t\t<div class=\"tab-image-container\"><img width=\"600\" height=\"455\" src=\"https:\/\/goclub.com.ar\/wp-content\/uploads\/2020\/09\/editarsocio-1-1.png\" class=\"attachment-full\" alt=\"\" loading=\"lazy\" srcset=\"https:\/\/goclub.com.ar\/wp-content\/uploads\/2020\/09\/editarsocio-1-1.png 600w, https:\/\/goclub.com.ar\/wp-content\/uploads\/2020\/09\/editarsocio-1-1-300x228.png 300w\" sizes=\"(max-width: 600px) 100vw, 600px\" \/><\/div>\r\n\t\t\t\t<div class=\"tab-text-container\">\r\n\t\t\t\t\t<h2 class=\"tab-title\">Editor de datos personales de socios<\/h2><p class=\"tab-content\">Permite la edici\u00f3n de todos los datos personales que la instituci\u00f3n tiene de su asociado como as\u00ed tambi\u00e9n permite la toma de la foto que se utilizar\u00e1 luego para la impresi\u00f3n del carnet de socio correspondiente.<\/p><\/div>\r\n\t\t\t\t<\/div>\r\n\t\t\t\t<li class=\"tab-control-item\">\r\n\t\t\t\t\t<a href=\"#kd-extab-9887369e06b185c6ee\"> Editor de datos personales de socios<\/a>\r\n\t\t\t\t<\/li><div id=\"kd-extab-3418269e06b185c98f\">\r\n\t\t\t\t<div class=\"tab-image-container\"><img width=\"600\" height=\"455\" src=\"https:\/\/goclub.com.ar\/wp-content\/uploads\/2020\/09\/8-1.png\" class=\"attachment-full\" alt=\"\" loading=\"lazy\" srcset=\"https:\/\/goclub.com.ar\/wp-content\/uploads\/2020\/09\/8-1.png 600w, https:\/\/goclub.com.ar\/wp-content\/uploads\/2020\/09\/8-1-300x228.png 300w\" sizes=\"(max-width: 600px) 100vw, 600px\" \/><\/div>\r\n\t\t\t\t<div class=\"tab-text-container\">\r\n\t\t\t\t\t<h2 class=\"tab-title\">Situaci\u00f3n societaria, cupones de pago e impuestos<\/h2><p class=\"tab-content\">Muestra el estado de la cuenta del socio, los cupones societarios, actividad y situaci\u00f3n de pago. Permite tambi\u00e9n cargar pagos e imprimir comprobantes de pago.<\/p><\/div>\r\n\t\t\t\t<\/div>\r\n\t\t\t\t<li class=\"tab-control-item\">\r\n\t\t\t\t\t<a href=\"#kd-extab-3418269e06b185c98f\"> Situaci\u00f3n societaria, cupones de pago e impuestos<\/a>\r\n\t\t\t\t<\/li><div id=\"kd-extab-1315469e06b185cbfa\">\r\n\t\t\t\t<div class=\"tab-image-container\"><img width=\"600\" height=\"455\" src=\"https:\/\/goclub.com.ar\/wp-content\/uploads\/2020\/09\/9-1.png\" class=\"attachment-full\" alt=\"\" loading=\"lazy\" srcset=\"https:\/\/goclub.com.ar\/wp-content\/uploads\/2020\/09\/9-1.png 600w, https:\/\/goclub.com.ar\/wp-content\/uploads\/2020\/09\/9-1-300x228.png 300w\" sizes=\"(max-width: 600px) 100vw, 600px\" \/><\/div>\r\n\t\t\t\t<div class=\"tab-text-container\">\r\n\t\t\t\t\t<h2 class=\"tab-title\">Env\u00edo masivo de E-mail<\/h2><p class=\"tab-content\">Permite el envi\u00f3 de emails de manera masiva a los asociados, permitiendo realizar filtros para seleccionarlos. Ej.: enviar un mail a todos los socios que deben mas de una cuota social o enviar un mail a todos los socios que realizan la actividad rugby.<\/p><\/div>\r\n\t\t\t\t<\/div>\r\n\t\t\t\t<li class=\"tab-control-item\">\r\n\t\t\t\t\t<a href=\"#kd-extab-1315469e06b185cbfa\"> Env\u00edo masivo de E-mail<\/a>\r\n\t\t\t\t<\/li>\r\n\t\t\t\t<ul class=\"tab-controls\"><\/ul>\r\n\t\t\t<\/div><script type=\"text\/javascript\">\r\n\t\t\t\tjQuery(document).ready(function($){\r\n\t\t\t\t\t$(\".features-tabs.kd-tabswrapper-4980769e06b185bab3\").each( function () {\r\n\t\t\t\t\t\t$( \"li.tab-control-item\" , this ).appendTo( $( \".tab-controls\" , this ) );\r\n\t\t\t\t\t});\r\n\t\t\t\t});<\/script>[\/vc_column][\/vc_row][vc_row full_width=&#8221;stretch_row_content_no_spaces&#8221; css=&#8221;.vc_custom_1600371825345{padding-top: 100px !important;padding-bottom: 50px !important;background: #f7f7f7 url(http:\/\/goclub.com.ar\/wp-content\/uploads\/2020\/09\/triangles-small.png?id=205) !important;}&#8221;][vc_column]<header class=\"kd-section-title col-lg-12 text-center    \" ><h1 class=\"separator_off\" >\u00a1Conozca m\u00e1s sobre nuestro sistema!<\/h1><h6 class=\"subtitle \" >P\u00f3ngase en contacto con nuestros asesores y comience a gestionar su instituci\u00f3n con GoClub.<\/h6><\/header><a  href=\"https:\/\/goclub.com.ar\/?page_id=410\"  target=\"_self\"  title=\"Contacto\" class=\"tt_button tt_primary_button btn_primary_color  button-center button-action-link icon_left\" ><span class=\" iconita\"><\/span><span class=\"prim_text\">Cont\u00e1ctenos<\/span><\/a>[vc_column_text css=&#8221;.vc_custom_1674225772821{margin-top: 5px !important;}&#8221;]<\/p>\n<p style=\"text-align: center;\"><a href=\"https:\/\/goclub.com.ar\/?page_id=185\">Conocer otras funciones<\/a><\/p>\n<p>[\/vc_column_text][\/vc_column][\/vc_row]<\/p>\n","protected":false},"excerpt":{"rendered":"<p>[vc_row full_width=&#8221;stretch_row_content_no_spaces&#8221; css=&#8221;.vc_custom_1602599907100{margin-top: 100px !important;padding-top: 150px !important;padding-bottom: 150px !important;background: #17479b url(http:\/\/goclub.com.ar\/wp-content\/uploads\/2020\/10\/fondo-2.png?id=516) !important;}&#8221;][vc_column][vc_single_image image=&#8221;670&#8243; alignment=&#8221;center&#8221;][\/vc_column][\/vc_row][vc_row css=&#8221;.vc_custom_1600364253341{margin-top: 50px !important;margin-bottom: 50px !important;}&#8221;][vc_column][\/vc_column][\/vc_row][vc_row full_width=&#8221;stretch_row_content_no_spaces&#8221; [&hellip;]<\/p>\n","protected":false},"author":1,"featured_media":0,"parent":0,"menu_order":0,"comment_status":"closed","ping_status":"closed","template":"","meta":[],"_links":{"self":[{"href":"https:\/\/goclub.com.ar\/index.php?rest_route=\/wp\/v2\/pages\/271"}],"collection":[{"href":"https:\/\/goclub.com.ar\/index.php?rest_route=\/wp\/v2\/pages"}],"about":[{"href":"https:\/\/goclub.com.ar\/index.php?rest_route=\/wp\/v2\/types\/page"}],"author":[{"embeddable":true,"href":"https:\/\/goclub.com.ar\/index.php?rest_route=\/wp\/v2\/users\/1"}],"replies":[{"embeddable":true,"href":"https:\/\/goclub.com.ar\/index.php?rest_route=%2Fwp%2Fv2%2Fcomments&post=271"}],"version-history":[{"count":19,"href":"https:\/\/goclub.com.ar\/index.php?rest_route=\/wp\/v2\/pages\/271\/revisions"}],"predecessor-version":[{"id":697,"href":"https:\/\/goclub.com.ar\/index.php?rest_route=\/wp\/v2\/pages\/271\/revisions\/697"}],"wp:attachment":[{"href":"https:\/\/goclub.com.ar\/index.php?rest_route=%2Fwp%2Fv2%2Fmedia&parent=271"}],"curies":[{"name":"wp","href":"https:\/\/api.w.org\/{rel}","templated":true}]}}